-- http://www.phpmyadmin.net
--
-- Servidor: localhost
-- Tiempo de generación: 11-08-2014 a las 17:38:13
-- Versión del servidor: 5.5.37-cll
-- Versión de PHP: 5.4.23




-- --------------------------------------------------------

--
-- Estructura de tabla para la tabla `admin_usuarios_persmisos`
--

CREATE TABLE IF NOT EXISTS `admin_usuarios_persmisos` (
  `id_usuario_permiso` int(3) NOT NULL AUTO_INCREMENT,
  `id_usuario` int(3) NOT NULL,
  `id_permiso` int(3) NOT NULL,
  PRIMARY KEY (`id_usuario_permiso`),
  KEY `id_usuario` (`id_usuario`),
  KEY `id_permiso` (`id_permiso`)
) ENGINE=MyISAM  DEFAULT CHARSET=latin1 AUTO_INCREMENT=429 ;

--
-- Volcado de datos para la tabla `admin_usuarios_persmisos`
--

INSERT INTO `admin_usuarios_persmisos` (`id_usuario_permiso`, `id_usuario`, `id_permiso`) VALUES
(212, 1, 20),
(211, 1, 1),
(210, 1, 17),
(209, 1, 4),
(208, 1, 19),
(207, 1, 18),
(300, 22, 17),
(384, 35, 17),
(206, 1, 2),
(353, 15, 20),
(352, 15, 1),
(351, 15, 17),
(350, 15, 4),
(349, 15, 19),
(348, 15, 18),
(347, 15, 2),
(419, 16, 18),
(418, 16, 2),
(379, 33, 17),
(355, 31, 17),
(356, 31, 20),
(360, 32, 17),
(361, 32, 20),
(428, 38, 17),
(427, 38, 19),
(426, 38, 18),
(425, 38, 2),
(420, 16, 19),
(421, 16, 4),
(422, 16, 17),
(423, 16, 1),
(424, 16, 20);

-- --------------------------------------------------------

--
-- Estructura de tabla para la tabla `clientes`
--

CREATE TABLE IF NOT EXISTS `clientes` (
  `id` int(5) NOT NULL AUTO_INCREMENT,
  `titulo` varchar(150) NOT NULL,
  `url_sitio` varchar(150) NOT NULL,
  `direccion` longtext NOT NULL,
  `telefono` varchar(50) NOT NULL,
  `foto` varchar(50) NOT NULL,
  `email` varchar(50) NOT NULL,
  PRIMARY KEY (`id`)
) ENGINE=MyISAM  DEFAULT CHARSET=latin1 AUTO_INCREMENT=102 ;

--
-- Volcado de datos para la tabla `clientes`
--

INSERT INTO `clientes` (`id`, `titulo`, `url_sitio`, `direccion`, `telefono`, `foto`, `email`) VALUES
(90, 'Conaprole Uruguay Recicla', '', '', '', '', ''),
(91, 'Primer Exportacion', '', '', '', '', ''),
(92, 'Expreso Animal', '', '', '', '', ''),
(93, 'Mas Vida', '', '', '', '', ''),
(95, 'Gemma', '', '', '', '', ''),
(96, 'Rabelo', '', '', '', '', ''),
(100, 'Mirentex', '', '', '', '', ''),
(101, 'Anandi', '', '', '', '', ''),
(86, 'Urupaper', '', '', '', '', ''),
(87, 'Dharma', '', '', '', '', ''),
(88, 'Aquelarre', '', '', '', '', ''),
(94, 'Una Escuela Inteligente', '', '', '', '', ''),
(99, 'Inés Proyecto', '', '', '', '', ''),
(85, 'GPS ', '', '', '', '', ''),
(67, 'Parque Sur', '', 'Ruta 7 km 98', '26829001', '', 'info@parquesur.com.uy'),
(73, 'Plasticos Aldao', '', '', '', '', ''),
(97, 'ZERI', '', '', '', '', ''),
(80, 'Rojo', '', '', '', '', ''),
(82, 'Teconix', '', '', '', '', ''),
(83, 'Dovela', '', '', '', '', ''),
(98, 'Talleres con Alina', '', '', '', '', '');

-- --------------------------------------------------------

--
-- Estructura de tabla para la tabla `permisos`
--

CREATE TABLE IF NOT EXISTS `permisos` (
  `id_permiso` int(3) NOT NULL AUTO_INCREMENT,
  `titulo` varchar(150) NOT NULL,
  `area` varchar(50) NOT NULL,
  `archivo` varchar(50) NOT NULL,
  `orden` tinyint(2) NOT NULL DEFAULT '0',
  PRIMARY KEY (`id_permiso`)
) ENGINE=MyISAM  DEFAULT CHARSET=latin1 AUTO_INCREMENT=21 ;

--
-- Volcado de datos para la tabla `permisos`
--

INSERT INTO `permisos` (`id_permiso`, `titulo`, `area`, `archivo`, `orden`) VALUES
(1, 'Usuarios', 'admin', 'admin_usuarios.php', 7),
(18, 'Rubros', 'rubros', 'rubros.php', 2),
(19, 'Tipos de horas', 'tipos', 'tipos_horas.php', 4),
(17, 'Reportes', 'reportes', 'reportes.php', 6),
(4, 'Ingreso de Horas', 'ingreso_horas', 'ingreso_horas.php', 5),
(2, 'Clientes', 'clientes', 'clientes.php', 1),
(20, '', 'administrador', '', 8);

-- --------------------------------------------------------

--
-- Estructura de tabla para la tabla `proyectos`
--

CREATE TABLE IF NOT EXISTS `proyectos` (
  `id` int(5) NOT NULL AUTO_INCREMENT,
  `titulo` varchar(150) NOT NULL,
  `texto` longtext NOT NULL,
  `tiempo_total` varchar(150) NOT NULL,
  `fecha_ingreso` date NOT NULL,
  `cliente` int(5) NOT NULL,
  `rubro` int(5) NOT NULL,
  PRIMARY KEY (`id`),
  KEY `cliente` (`cliente`),
  KEY `rubro` (`rubro`)
) ENGINE=MyISAM  DEFAULT CHARSET=latin1 AUTO_INCREMENT=21 ;

-- --------------------------------------------------------

--
-- Estructura de tabla para la tabla `proyectos_documentos`
--

CREATE TABLE IF NOT EXISTS `proyectos_documentos` (
  `id` int(5) NOT NULL AUTO_INCREMENT,
  `proyecto` int(5) NOT NULL,
  `archivo` varchar(50) NOT NULL,
  `archivo_nombre` varchar(75) NOT NULL,
  `fecha_ingreso` date NOT NULL,
  PRIMARY KEY (`id`),
  KEY `proyecto` (`proyecto`)
) ENGINE=MyISAM DEFAULT CHARSET=latin1 AUTO_INCREMENT=1 ;

-- --------------------------------------------------------

--
-- Estructura de tabla para la tabla `rubros`
--

CREATE TABLE IF NOT EXISTS `rubros` (
  `id` int(5) NOT NULL AUTO_INCREMENT,
  `titulo` varchar(150) NOT NULL,
  PRIMARY KEY (`id`)
) ENGINE=MyISAM  DEFAULT CHARSET=latin1 AUTO_INCREMENT=20 ;

--
-- Volcado de datos para la tabla `rubros`
--

INSERT INTO `rubros` (`id`, `titulo`) VALUES
(1, 'RRHH'),
(2, 'Comunicación'),
(19, 'Emprendedurismo Social'),
(7, 'Gestión'),
(17, 'Sistemas de Gestión de Calidad'),
(18, 'Proyectos'),
(12, 'Coordinacion'),
(15, 'RSE');

-- --------------------------------------------------------

--
-- Estructura de tabla para la tabla `tareas_horas`
--

CREATE TABLE IF NOT EXISTS `tareas_horas` (
  `id` int(5) NOT NULL AUTO_INCREMENT,
  `tarea` int(5) NOT NULL,
  `horas` float NOT NULL,
  `fecha_realizado` date NOT NULL,
  `usuario` int(4) NOT NULL,
  `texto` longtext NOT NULL,
  `tipo_hora` int(5) NOT NULL,
  `rubro` int(5) NOT NULL,
  PRIMARY KEY (`id`),
  KEY `tarea` (`tarea`,`usuario`),
  KEY `tipo_hora` (`tipo_hora`)
) ENGINE=MyISAM  DEFAULT CHARSET=latin1 COMMENT='columna tarea hace referencia al id cliente' AUTO_INCREMENT=2196 ;

--
-- Volcado de datos para la tabla `tareas_horas`
--

INSERT INTO `tareas_horas` (`id`, `tarea`, `horas`, `fecha_realizado`, `usuario`, `texto`, `tipo_hora`, `rubro`) VALUES
(2195, 85, 1, '2014-08-05', 16, 'Evaluación objetivos y planificación trabajo', 1, 12),
(2194, 82, 1, '2014-07-16', 16, 'Coordinación', 2, 12),
(2193, 82, 1, '2014-07-31', 16, 'Cierre Etapa 1 orden. Planificación Próximas Tareas Comunicacion', 1, 2),
(2191, 82, 1, '2014-07-24', 35, 'selección', 2, 1),
(2192, 101, 1, '2014-07-24', 33, 'Puesta a punto de actividades de Anandi, posibles alianzas, posibles actividades.', 1, 2),
(2190, 100, 1, '2014-07-03', 16, 'Cecilia y Sergio. Puntos Ficha de Identidad', 1, 2),
(2189, 100, 1, '2014-07-14', 16, 'Reunión en Urupaper para nivelar expectativas consultoria', 1, 2),
(2187, 82, 1, '2014-07-08', 16, 'Chacha y Eduardo', 1, 2),
(2186, 82, 1, '2014-07-17', 16, 'Reunión con Chacha', 1, 2),
(2185, 82, 1, '2014-07-09', 35, 'Reunión con el equipo', 1, 1),
(2184, 85, 1, '2014-07-08', 33, 'Revisión de texto presentación de empresa.', 2, 2),
(2183, 82, 1, '2014-07-01', 16, 'Seguimiento trabajo Chacha', 1, 2),
(2182, 82, 2, '2014-06-23', 35, 'Entrevistas con Eduardo - segunda instancia', 1, 1),
(2181, 82, 2, '2014-06-20', 35, 'Selección de candidatos- entrevistas', 2, 1),
(2180, 82, 1, '2014-06-25', 35, 'Coordinación con Tamara', 2, 1),
(2179, 82, 1, '2014-06-18', 16, 'Coordinacion', 2, 12),
(2178, 100, 2, '2014-06-30', 16, 'Punto 1 y 2 Ficha de Identidad', 2, 2),
(2177, 100, 1, '2014-06-26', 16, 'Reunión con Sergio. Punto 1 Ficha Propuesta de Valor', 1, 2),
(2176, 82, 1, '2014-06-17', 16, 'Seguimiento Chacha con Eduardo e ingreso nuevo tecnico', 1, 2),
(2175, 82, 1, '2014-06-26', 16, 'Coordinación con Sandra', 1, 2),
(2173, 96, 1, '2014-06-24', 16, 'Consultoría', 1, 2),
(2174, 82, 1, '2014-06-26', 16, 'Eduardo y Chacha pendientes y seguimiento', 1, 2),
(2172, 94, 1, '2014-06-12', 16, 'Gestiones posibles entrevistas mas seguimiento Ancap y Ute', 2, 2),
(2171, 94, 1, '2014-06-04', 16, 'Reunión con Martin', 1, 2),
(2170, 94, 1, '2014-06-18', 16, 'Teyma', 1, 2),
(2169, 98, 1, '2014-06-04', 16, 'Diagrama Ciclo talleres', 1, 2),
(2168, 98, 1, '2014-06-18', 16, 'Armado 1er taller', 1, 2),
(2167, 100, 1, '2014-06-19', 16, 'Primer reunión presentación proyecto y planificación trabajo', 1, 2),
(2164, 85, 1, '2014-05-15', 16, '', 1, 12),
(2165, 96, 1, '2014-05-30', 16, 'Revisión presupuestos y Dossier', 1, 2),
(2166, 82, 1, '2014-06-17', 16, 'Revisión incorporación Clara, temas para prever con nuevo ingreso técnico', 1, 2),
(2163, 85, 2, '2014-06-06', 33, 'Reunion con Guido para plantear trabajos de diseño, envio de materiales gráficos y texto', 2, 2),
(2161, 82, 1, '2014-05-29', 16, '', 1, 12),
(2162, 82, 2, '2014-06-06', 16, 'Reunión con la Chacha y reunión con Técnicos', 1, 2),
(2160, 82, 1, '2014-05-15', 16, '', 1, 12),
(2158, 94, 1, '2014-05-23', 16, 'Reunión coordinación', 2, 2),
(2157, 94, 1, '2014-05-22', 16, 'Gestiones Inca - Tres Cruces - Antel - UTE', 2, 2),
(2156, 94, 1, '2014-05-28', 16, 'Reunión con Pablo Cusnir Tres Cruces', 1, 2),
(2155, 93, 4, '2014-05-29', 16, 'Misión - Visión - Valores eleB Presentación Mas Vida', 2, 2),
(2154, 93, 2, '2014-05-22', 16, 'Gestión redes', 2, 2),
(2159, 87, 4, '2014-05-29', 16, 'Armado sitio web', 2, 2),
(2152, 82, 1, '2014-05-30', 16, 'Reunión con Clara-Juan-Eduardo', 1, 2),
(2151, 82, 1, '2014-05-28', 16, 'Coordinación con Juan por ingresa Clara', 1, 2),
(2150, 82, 1, '2014-05-21', 35, 'Entrevista a Chacha y armado de perfil', 2, 1),
(2149, 82, 1, '2014-05-22', 16, 'Preparación ingreso Clara   Logo   coordinación reunión con Juan', 1, 2),
(2148, 85, 1, '2014-05-19', 33, 'Revision texto Mantenimiento.\\nArmado de bosquejo estrategia comercial.\\nComienzo de armado de textos para folleto.', 1, 2),
(2147, 82, 1, '2014-05-14', 35, 'Coordinación y seguimiento reunión con personal. Definición de requerimientos para administrativa.', 1, 1),
(2146, 94, 1, '2014-05-13', 16, 'Reunión con Martin y gestiones sponsoros', 1, 18),
(2145, 98, 1, '2014-05-13', 16, 'Revisión propuestas, definición fechas y metodologia', 1, 18),
(2144, 97, 1, '2014-05-13', 16, '<p>\r\n	Reuni&oacute;n con Paola y Alvaro (innovaci&oacute;n IMM)</p>\r\n', 1, 18),
(2143, 93, 1, '2014-05-14', 16, 'Reunión con Applouding por App Mas Vida Digital - Gestiones Claeh', 1, 2),
(2142, 93, 2, '2014-05-15', 16, 'Redes', 1, 2),
(2141, 82, 1, '2014-05-14', 16, 'Evaluación instancia con técnicos', 1, 2),
(2139, 93, 1, '2014-05-08', 16, 'Propuesta CLAEH   CRANDON', 2, 2),
(2140, 82, 1, '2014-05-08', 35, 'Reunión con Técnicos', 1, 1),
(2138, 82, 1, '2014-05-08', 16, 'Reunión con Técnicos - Presentación Manual', 1, 2),
(2137, 91, 1, '2014-04-14', 16, 'Reunión con Murchison', 1, 2),
(2136, 93, 1, '2014-04-29', 16, 'Contacto proveedores audio Jornada Mas Vida', 2, 2),
(2134, 96, 1, '2014-05-07', 16, 'Revisión Presupuestos', 1, 2),
(2135, 93, 2, '2014-05-07', 16, 'Gestión de redes', 2, 2),
(2133, 94, 1, '2014-04-24', 16, 'Armado propuesta UTE', 2, 2),
(2132, 94, 1, '2014-04-23', 16, 'Presentación UTE', 1, 2),
(2131, 94, 1, '2014-04-23', 16, 'Presentación ANTEL', 1, 2),
(2130, 94, 1, '2014-04-17', 16, 'Reunión coordinación Martin y Vicky', 1, 2),
(2129, 94, 1, '2014-04-16', 16, 'Presentación ANCAP', 1, 2),
(2128, 93, 1, '2014-05-07', 16, 'Presentación CONAPROLE', 1, 2),
(2127, 93, 1, '2014-04-28', 16, 'Reunión con Fransico por Weebly y Mobincube', 1, 2),
(2126, 87, 1, '2014-05-02', 16, 'Propuesta renovación Web', 1, 2),
(2125, 90, 1, '2014-05-07', 16, 'Reunión CONAPROLE', 1, 2),
(2124, 92, 1, '2014-05-08', 16, 'Armado propuesta SUPRA', 2, 2),
(2122, 92, 1, '2014-05-07', 16, 'Reajuste Proyecto', 1, 2),
(2123, 92, 1, '2014-05-07', 16, 'Reunión con SUPRA', 1, 2),
(2121, 82, 1, '2014-04-16', 16, '', 2, 12),
(2120, 82, 1, '2014-05-02', 16, 'Coordinación con Sandra por perfil Administrativo   reunión con tecnicos', 2, 2),
(2119, 82, 1, '2014-05-06', 16, 'Revisión Manual, preparacion Reunión', 1, 2),
(2118, 82, 1, '2014-05-02', 35, 'Coordinación con Tamara sobre pasos a seguir, perfiles y organización.', 2, 1),
(2117, 85, 1, '2014-05-06', 33, 'Correcciones sobre textos de Mantenimiento. Contacto con diseñador por presupuesto', 2, 2),
(2116, 82, 2, '2014-04-30', 16, 'Manual de Inducción', 2, 2),
(2115, 82, 1, '2014-04-29', 16, 'Logo - Inducción - Ventas/Administracion', 1, 2),
(2113, 93, 2, '2014-04-30', 16, 'Gestión de redes', 2, 2),
(2114, 82, 2, '2014-04-25', 16, 'Inducción', 2, 2),
(2112, 93, 2, '2014-04-25', 16, 'Gestión de redes', 2, 2),
(2111, 93, 1, '2014-04-28', 16, 'Reunión con Francisco x sitio y aplicación Mas Vida', 1, 2),
(2110, 93, 1, '2014-04-15', 16, 'Jornada Mas Vida', 1, 2),
(2109, 93, 2, '2014-04-11', 16, 'Gestión de redes', 2, 2),
(2108, 85, 2, '2014-04-22', 33, 'Revision de presupuestos diseñadores. Revisión de propuesta de valor v4.\\nEscritura de misión-vision y valores.', 1, 2),
(2107, 82, 1, '2014-04-15', 16, 'Brief para Logo Contacto diseñador', 2, 2),
(2106, 91, 2, '2014-04-11', 16, 'Reunión Murchison', 1, 2),
(2105, 91, 2, '2014-04-10', 16, 'Reunión Schandy', 1, 2),
(2103, 82, 1, '2014-04-10', 16, 'Relación con el personal', 1, 2),
(2104, 89, 1, '2014-04-14', 16, 'Propuesta', 2, 2),
(2102, 93, 2, '2014-04-03', 16, 'Comunicación. Jornada Mas Vida', 1, 18),
(2092, 88, 1, '2014-03-28', 16, 'Reunión con Ale, armado propuesta', 2, 2),
(2093, 82, 1, '2014-03-21', 16, 'Coordinación', 2, 12),
(2094, 86, 2, '2014-03-31', 16, 'Preparación Planificación', 2, 2),
(2095, 67, 1, '2014-03-20', 16, 'Coordinación', 2, 12),
(2096, 88, 1, '2014-03-26', 33, 'Nivelando expectativas: cuestionario y explicación. ', 1, 2),
(2097, 85, 1, '2014-03-25', 33, 'Puesta a punto en Propuesta de Valor. Definición de pendientes y comienzo de búsqueda de diseñador gráfico', 1, 2),
(2098, 82, 1, '2014-04-03', 16, 'Brief diseñador. Manual Induccion', 1, 2),
(2099, 89, 1, '2014-04-03', 16, '<p>\r\n	Reuni&oacute;n con ACU</p>\r\n', 1, 18),
(2100, 90, 1, '2014-04-01', 16, '<p>\r\n	Reuni&oacute;n con Jose Presupuesto Propuesta</p>\r\n', 1, 18),
(2101, 92, 2, '2014-04-01', 16, 'Contactos empresas. IMM', 1, 18),
(2087, 82, 2, '2014-03-25', 16, 'Inducción', 2, 2),
(2088, 67, 1, '2014-03-27', 31, 'Devolución folleto para diseñadores. ', 2, 2),
(2089, 67, 1, '2014-03-27', 31, 'Devolución página web para desarrolladores y diseñadores. ', 2, 2),
(2090, 82, 1, '2014-03-27', 35, 'selección vendedor', 2, 1),
(2091, 88, 1, '2014-03-19', 16, 'Revisión material', 2, 2),
(2085, 82, 1, '2014-03-21', 16, 'Coordinación con RRHH por Perfil Ventas', 1, 2),
(2086, 82, 1, '2014-03-27', 16, 'Inducción', 1, 2),
(2084, 88, 1, '2014-03-27', 16, 'Planificación trabajo', 2, 2),
(2082, 86, 1, '2014-03-25', 16, 'Revisión Ficha', 1, 2),
(2083, 86, 1, '2014-03-18', 16, 'Revisión info cliente Ficha Empresa', 2, 2),
(2080, 67, 1, '2014-03-13', 31, 'Reunión con Felipe y Jose para revisión de folleto.', 1, 2),
(2081, 67, 2, '2014-03-17', 31, 'Devolución folleto para diseñadores. Gestiones varias.', 2, 2),
(2079, 67, 1, '2014-03-10', 31, 'Skype con Jose y revisión de planilla. Gestiones varias', 2, 2),
(2078, 83, 1, '2014-03-21', 32, 'Reunión para asesoramiento sobre forma jurìdica y tipo de asociaciòn', 1, 7),
(2077, 82, 1, '2014-03-20', 16, 'Estrategia comercial', 1, 2),
(2076, 86, 1, '2014-03-19', 16, 'Revisión Ficha de Identidad puntos 1-2-3', 1, 2),
(2075, 88, 1, '2014-03-18', 33, 'Reunión de diagnostico de necesidades de Aquelarre.', 1, 2),
(2073, 86, 1, '2014-03-17', 16, 'Revisar Ficha de Identidad', 1, 2),
(2074, 82, 1, '2014-03-13', 16, 'Comunicación. Clientes. Comercializacion', 1, 2),
(2072, 87, 1, '2014-03-07', 16, 'Propuesta Sinergia', 1, 2),
(2071, 85, 1, '2014-02-13', 16, 'Coordinación', 2, 12),
(2070, 85, 1, '2014-02-26', 33, 'Elaboración de documento madre: Propuesta de valor y segmento de clientes para seguir completando.', 2, 2),
(2069, 67, 1, '2014-02-21', 16, 'Coordinación', 2, 12),
(2068, 82, 1, '2014-02-19', 16, 'Coordinación', 2, 12),
(2067, 82, 1, '2014-02-28', 16, 'Armado solicitud y pedido presupuestos diseñadores', 2, 2),
(2065, 86, 1, '2014-02-20', 16, 'Presentación herramienta Ficha de Identidad', 1, 2),
(2064, 67, 1, '2014-02-28', 31, 'Reunión con Claudio y Jose armado de agenda anual.', 1, 2),
(2063, 67, 2, '2014-02-25', 31, 'Reunión Jose revisión de planificación anual. Tareas para armado de agenda.', 1, 2),
(2062, 67, 1, '2014-02-25', 31, 'Reunión con Feli re estructuración y diagramación de Folleto.', 1, 2),
(2061, 67, 1, '2014-02-20', 31, 'Reunión con Looping para reajustes de página web. Diseño y programación.', 1, 2),
(2060, 67, 2, '2014-02-19', 31, 'Armado de devolución página web. Otras gestiones y mails.', 2, 2),
(2059, 83, 1, '2014-02-25', 33, 'Cierre Etapa 1: Propuesta de Valor, Segmento de Clientes, Mision-vision-valores.', 1, 2),
(2058, 82, 1, '2014-02-27', 16, 'Descripción servicios', 1, 2),
(2057, 85, 1, '2014-02-11', 33, 'Lectura de avances en puntos 1,2 y 3 de la Ficha de Identidad elaboración de comentarios para seguir trabajando.', 2, 2),
(2055, 84, 1, '2014-02-11', 16, 'Puesta a punto para entregar', 1, 2),
(2056, 83, 2, '2014-02-19', 33, 'Documento final Propuesta de Valor - Dovela. \\nDocumento iniciado de Estrategia Comercial.', 2, 2),
(2054, 84, 3, '2014-02-12', 16, 'Textos propuesta ANII', 2, 2),
(2052, 82, 2, '2014-02-18', 16, 'Revisión textos, PV, Misión, Visión, Valores', 2, 2),
(2053, 84, 1, '2014-02-05', 16, 'revisión textos', 1, 2),
(2051, 82, 1, '2014-02-13', 16, 'Coordinación trabajo, revisión propuesta de valor', 1, 2),
(2050, 82, 1, '2014-02-11', 16, 'Revisión proceso certificación y coordinación trabajo', 2, 2),
(2066, 83, 1, '2014-02-28', 16, 'Coordinación trabajo y planificación segunda etapa', 2, 12),
(2049, 82, 1, '2014-02-06', 16, 'Reunión con Javier por proceso certificación ISO 9001', 1, 2),
(2047, 83, 1, '2014-02-19', 16, 'Coordinación', 2, 2),
(2046, 83, 2, '2014-02-17', 35, 'Análisis y Descripción de cargos de direcciones.', 2, 1),
(2045, 85, 1, '2014-02-11', 33, 'Avances en puntos 1,2 y 3 ficha de identidad y correcciones - Avances en segmento de clientes y correcciones- puntos 5 y 6 para continuar', 1, 2),
(2044, 85, 1, '2014-01-28', 33, 'Puesta a punto sobre GPS-Segmento de clientes y servicios que se quieren ofrecer-Ficha de identidad puntos 1,2 y 3', 1, 2),
(2043, 83, 2, '2014-02-10', 33, 'Revision y comentarios sobre la devolución de la  Propuesta de Valor (v2). Trabajo sobre nombre del proyecto. Trabajo sobre pendientes de imagen corporativa y medios de difusión.', 2, 2),
(2042, 67, 2, '2014-02-10', 31, 'Ajustes de textos para folleto, devolución para el diseñador.', 2, 2),
(2019, 84, 2, '2014-01-07', 16, 'Resumen publicable - Revision info generada', 2, 2),
(2020, 83, 1, '2014-01-03', 16, 'Revisión Ficha de Identidad', 1, 2),
(2021, 83, 1, '2014-01-02', 16, 'Revisión material generado para Ficha de Identidad y PBS', 2, 2),
(2041, 67, 1, '2014-02-04', 31, 'Reunión con Jose. Revisión de folleto, textos y ajustes de diseño.', 1, 2),
(2023, 84, 1, '2014-01-08', 16, 'Revision Ficha de Identidad y pendientes formularios', 1, 2),
(2024, 83, 1, '2014-01-10', 16, 'Revisión Ficha de Identidad nueva propuesta de valor puntos 1 y 4', 1, 2),
(2025, 67, 1, '2014-01-13', 31, 'Revisión de material brief comercial.', 2, 2),
(2026, 67, 3, '2014-01-15', 31, 'Redacción de textos, skype con Jose. Armado de maqueta folleto.', 2, 2),
(2027, 84, 2, '2014-01-15', 16, 'Formulario - Campos e ideas de desarrollo', 2, 2),
(2028, 82, 1, '2014-01-14', 16, 'Planificación trabajo Comunicación - RRHH - Gestión', 1, 2),
(2029, 80, 1, '2014-01-14', 33, 'Retomamos actividades y novedades.\\nSe dieron herramientas de generación de nombre del emprendimiento y de misión, visión y valores.', 1, 2),
(2030, 84, 2, '2014-01-20', 16, 'Revisión proyecto y Reunión con Marine Femway', 1, 2),
(2031, 82, 2, '2014-01-20', 16, 'Revisión material, elaboración esquema necesidades y materiales. Plan de trabajo', 2, 2),
(2032, 83, 1, '2014-01-20', 16, 'Revisión material enviado y coordinación Lia-Lu', 2, 2),
(2033, 83, 2, '2014-01-21', 33, '- Revision de Ficha de Empresa\\n- Segmento de clientes para cada unidad de negocios\\n-Elementos de comunicación: web en weebly\\n- Revision de lo escrito en Mision, Vision\\n- Nombre del emprendimiento: como llegar a él? ', 1, 2),
(2034, 80, 2, '2014-01-21', 33, '- Presentación a Florencia de la propuesta de valor.\\n- Herramienta Segmento de Clientes para definir.\\n- Cuestionario de análisis de la competencia.\\n- Lectura de misión-vision para trabajar aún.\\n- Definición de nombre.\\n- Avances en contenido para web en weebly.', 1, 2),
(2035, 84, 2, '2014-01-23', 16, 'CIU', 1, 2),
(2036, 82, 1, '2014-01-23', 16, 'Revisión servicios y propuesta de valor', 1, 2),
(2037, 82, 1, '2014-01-24', 16, 'Texto presentación empresa', 2, 2),
(2038, 83, 5, '2014-01-30', 33, 'Elaboración Propuesta de Valor:\\n- Sobre la empresa.\\n- Segmento de clientes.\\n- Propuesta de valor para cada segmento.\\n- Imagen e identidad.\\n- Mision, vision, valores.\\n- Estrategia comercial', 2, 2),
(2039, 82, 2, '2014-01-27', 16, 'Coordinación', 2, 12),
(2040, 83, 1, '2014-01-24', 16, 'Coordinación', 1, 12);

-- --------------------------------------------------------

--
-- Estructura de tabla para la tabla `tipos_horas`
--

CREATE TABLE IF NOT EXISTS `tipos_horas` (
  `id` int(5) NOT NULL AUTO_INCREMENT,
  `titulo` varchar(150) NOT NULL,
  PRIMARY KEY (`id`)
) ENGINE=MyISAM  DEFAULT CHARSET=latin1 AUTO_INCREMENT=4 ;

--
-- Volcado de datos para la tabla `tipos_horas`
--

INSERT INTO `tipos_horas` (`id`, `titulo`) VALUES
(1, 'Horas de reunión'),
(2, 'Horas trabajadas');

